 the remainder when 80531 is divided by 47.
20
Calculate the remainder when 20716 is divided by 59.
7
What is the remainder when 22963 is divided by 7649?
16
What is the remainder when 6052 is divided by 756?
4
What is the remainder when 472694 is divided by 9?
5
What is the remainder when 5225 is divided by 5204?
21
Calculate the remainder when 146463 is divided by 97.
90
What is the remainder when 867125 is divided by 6?
5
Calculate the remainder when 13046 is divided by 33.
11
Calculate the remainder when 4622 is divided by 796.
642
Calculate the remainder when 2397 is divided by 1190.
17
Calculate the remainder when 8895 is divided by 444.
15
What is the remainder when 7949 is divided by 567?
11
Calculate the remainder when 371589 is divided by 105.
99
Calculate the remainder when 1778 is divided by 886.
6
Calculate the remainder when 4521 is divided by 1973.
575
What is the remainder when 77275 is divided by 228?
211
Calculate the remainder when 26190 is divided by 1158.
714
What is the remainder when 72968 is divided by 43?
40
Calculate the remainder when 2292 is divided by 2.
0
Calculate the remainder when 18409 is divided by 51.
49
What is the remainder when 292043 is divided by 55?
48
Calculate the remainder when 440 is divided by 146.
2
What is the remainder when 903161 is divided by 13?
12
What is the remainder when 9319 is divided by 305?
169
What is the remainder when 25096 is divided by 19?
16
Calculate the remainder when 31459 is divided by 10430.
169
Calculate the remainder when 2064751 is divided by 9.
7
What is the remainder when 36216 is divided by 7239?
21
Calculate the remainder when 15088 is divided by 272.
128
What is the remainder when 32631 is divided by 8147?
43
Calculate the remainder when 614190 is divided by 94.
88
What is the remainder when 2389 is divided by 654?
427
What is the remainder when 362 is divided by 135?
92
What is the remainder when 1252 is divided by 624?
4
What is the remainder when 15154 is divided by 561?
7
What is the remainder when 8450 is divided by 1687?
15
Calculate the remainder when 6590 is divided by 68.
62
Calculate the remainder when 20499 is divided by 999.
519
What is the remainder when 122170 is divided by 61070?
30
What is the remainder when 15472 is divided by 360?
352
Calculate the remainder when 48814 is divided by 4873.
84
What is the remainder when 4020 is divided by 2006?
8
What is the remainder when 5526 is divided by 506?
466
Calculate the remainder when 687 is divided by 222.
21
What is the remainder when 18967 is divided by 176?
135
Calculate the remainder when 132689 is divided by 15.
14
Calculate the remainder when 2219 is divided by 57.
53
What is the remainder when 101000 is divided by 307?
304
Calculate the remainder when 15172 is divided by 15169.
3
Calculate the remainder when 5832 is divided by 609.
351
Calculate the remainder when 2574 is divided by 1244.
86
Calculate the remainder when 5336 is divided by 4271.
1065
Calculate the remainder when 130738 is divided by 164.
30
Calculate the remainder when 4539 is divided by 188.
27
Calculate the remainder when 102970 is divided by 197.
136
What is the remainder when 17980 is divided by 305?
290
Calculate the remainder when 597535 is divided by 218.
215
Calculate the remainder when 500215 is divided by 370.
345
What is the remainder when 90635 is divided by 3936?
107
Calculate the remainder when 1568 is divided by 763.
42
Calculate the remainder when 6827 is divided by 427.
422
Calculate the remainder when 16174 is divided by 5297.
283
Calculate the remainder when 121964 is divided by 145.
19
Calculate the remainder when 23345 is divided by 22.
3
What is the remainder when 351687 is divided by 2512?
7
Calculate the remainder when 13597 is divided by 1405.
952
Calculate the remainder when 621082 is divided by 33.
22
What is the remainder when 2692 is divided by 383?
11
Calculate the remainder when 2587 is divided by 683.
538
What is the remainder when 63892 is divided by 196?
192
What is the remainder when 9967 is divided by 3309?
40
What is the remainder when 3059 is divided by 170?
169
What is the remainder when 85950 is divided by 1592?
1574
What is the remainder when 15843 is divided by 1231?
1071
What is the remainder when 4502 is divided by 45?
2
What is the remainder when 128126 is divided by 64?
62
What is the remainder when 173343 is divided by 388?
295
Calculate the remainder when 11572 is divided by 2565.
1312
Calculate the remainder when 527902 is divided by 423.
421
Calculate the remainder when 1535 is divided by 5.
0
What is the remainder when 7021 is divided by 3493?
35
Calculate the remainder when 5778 is divided by 85.
83
What is the remainder when 5655 is divided by 5067?
588
What is the remainder when 26794 is divided by 620?
134
Calculate the remainder when 112797 is divided by 49.
48
Calculate the remainder when 12879 is divided by 286.
9
Calculate the remainder when 5004 is divided by 46.
36
What is the remainder when 1548 is divided by 298?
58
Calculate the remainder when 11817 is divided by 11803.
14
Calculate the remainder when 7375 is divided by 1212.
103
Calculate the remainder when 34348 is divided by 34340.
8
Calculate the remainder when 16013 is divided by 440.
173
What is the remainder when 34629 is divided by 111?
108
Calculate the remainder when 2858238 is divided by 160.
158
What is the remainder when 22412 is divided by 79?
55
Calculate the remainder when 29715 is divided by 14857.
1
Calculate the remainder when 51485 is divided by 160.
125
What is the remainder when 43683 is divided by 309?
114
What is the remainder when 80412 is divided by 180?
132
Calculate the remainder when 5733 is divided by 819.
0
What is the remainder when 1910 is divided by 269?
27
What is the remainder when 101533 is divided by 4414?
11
What is the remainder when 3683 is divided by 520?
43
Calculate the remainder when 859 is divided by 12.
7
What is the remainder when 7621 is divided by 846?
7
What is the remainder when 61052 is divided by 3212?
24
What is the remainder when 7183 is divided by 2392?
7
What is the remainder when 82686 is divided by 129?
126
Calculate the remainder when 6727 is divided by 131.
46
Calculate the remainder when 439998 is divided by 160.
158
Calculate the remainder when 80758 is divided by 48.
22
What is the remainder when 5910 is divided by 1124?
290
Calculate the remainder when 9537 is divided by 174.
141
What is the remainder when 569591 is divided by 9?
8
Calculate the remainder when 26780 is divided by 13366.
48
Calculate the remainder when 353595 is divided by 416.
411
What is the remainder when 25870 is divided by 25855?
15
What is the remainder when 4895 is divided by 1997?
901
Calculate the remainder when 36129 is divided by 430.
9
Calculate the remainder when 1768 is divided by 574.
46
Calculate the remainder when 339 is divided by 43.
38
What is the remainder when 318017 is divided by 28909?
18
Calculate the remainder when 23552 is divided by 1682.
4
Calculate the remainder when 105044 is divided by 4774.
16
What is the remainder when 4231 is divided by 161?
45
What is the remainder when 1585 is divided by 785?
15
What is the remainder when 888867 is divided by 45?
27
Calculate the remainder when 101439 is divided by 11.
8
What is the remainder when 13842 is divided by 935?
752
What is the remainder when 10511 is divided by 148?
3
Calculate the remainder when 116804 is divided by 1460.
4
Calculate the remainder when 308423 is divided by 73.
71
What is the remainder when 3820 is divided by 386?
346
What is the remainder when 551 is divided by 160?
71
Calculate the remainder when 2814 is divided by 71.
45
What is the remainder when 6865 is divided by 1140?
25
What is the remainder when 10176 is divided by 1265?
56
Calculate the remainder when 12283 is divided by 9.
7
Calculate the remainder when 807476 is divided by 14.
12
Calculate the remainder when 99027 is divided by 39.
6
What is the remainder when 12536 is divided by 4176?
8
What is the remainder when 5564 is divided by 120?
44
Calculate the remainder when 2209198 is divided by 1200.
1198
What is the remainder when 278189 is divided by 139091?
7
What is the remainder when 13557 is divided by 133?
124
What is the